 = -o. Let q = -16 + o. What is the units digit of q?
6
Let p(l) = -l - 3. Let t be p(0). Let j(k) = -k**2 - 5*k + 4. Let x be j(t). Suppose -2*r = 3*r - x. What is the units digit of r?
2
Let i(g) = g**3 - 7*g**2 + 4*g + 8. Let x = 10 + -4. Let y be i(x). Let f = -2 - y. What is the units digit of f?
2
Let h = -37 + 62. What is the tens digit of h?
2
Let o(b) be the third derivative of b**6/120 - b**4/24 + 5*b**3/3 - 6*b**2. What is the units digit of o(0)?
0
Let c = -13 + 7. What is the units digit of ((-14)/3)/(c/9)?
7
Suppose 3*p + 4*h - 28 = -p, -2*p - h = -19. Let w be ((-15)/(-12))/(3/p). Suppose w*q + 5*g = 115, 4*q + 0*g - 87 = -3*g. What is the tens digit of q?
1
Let l = -11 - -8. Let w = l - -6. Suppose -m + w = -0*m. What is the units digit of m?
3
Suppose -5*p + 480 = -25. What is the units digit of p?
1
Suppose -23*n = -8*n - 30. Let s = 0 + 0. Suppose n*a - 18 - 6 = s. What is the units digit of a?
2
Let p(d) = 105*d + 8. What is the units digit of p(3)?
3
Let m(g) = g**2 - 6*g + 7. Let w be m(5). Suppose 2*y + 28 = 3*b, w*b + y + 26 = 5*b. What is the units digit of b?
8
Let t be ((-14)/(-4))/((-16)/(-64)). Let c = 23 - t. What is the units digit of c?
9
Let a = 0 + 21. What is the units digit of a?
1
Let c = -2 + 7. Suppose -c*d + 60 = -5*r, -4*d + r = -4*r - 51. What is the units digit of d?
9
Let w(d) = d**2 - 2*d - 1. Let v be w(3). What is the tens digit of -23*(-4 - -2) - v?
4
Suppose -2*y + 47 = -r, -r - 87 = r + 3*y. Suppose -178 = 5*o - 498. Let v = r + o. What is the units digit of v?
9
Suppose 0 = 5*g + 2*x - 0*x - 170, -g - x + 31 = 0. What is the units digit of g?
6
Suppose 5*d - 2 = 28. Suppose -10*o + 204 = -d*o. What is the units digit of o?
1
Let j(f) = 0*f**3 + 14*f + f**3 + 3*f**2 + 7*f**2 + 13. Let d be j(-9). What is the units digit of 8/(-20) + d/(-5)?
6
Suppose j - 36 = -0. Suppose -3*y - 4*v + j = -19, -4*v = y - 21. What is the units digit of y?
7
Let d(a) = -a**3 - 9*a**2 + 9*a + 10. What is the tens digit of d(-10)?
2
Suppose -2*q - 2*i + 10 = 0, -5*q - 3*i + 5*i + 4 = 0. Suppose -q*s = -n - 6*s + 6, 0 = 3*n + 3*s - 27. What is the units digit of n?
0
Let h = 116 + 131. What is the units digit of h?
7
Let y = 9 - 5. What is the units digit of y?
4
Let y(b) = -3*b - 4. Let j be y(-3). Suppose -3*r - o + 19 = 0, 0 = -j*r + o + 2 + 19. Suppose l + 40 = r*l. What is the tens digit of l?
1
Suppose -2*g + h = -6, 0 = 5*g - h - 14 + 2. Suppose -g*p + 5*p = 60. What is the tens digit of p?
2
Let r = 1 + 8. Let y(t) = t**2 - 8*t - 6. What is the units digit of y(r)?
3
Suppose -5*w = -4*z - 125, -w + 3*w - 47 = z. Let r = w - 15. What is the units digit of r?
6
Suppose 2*x = -0*x + 12. Let o = x - 8. What is the units digit of (0 - -1)/(o/(-12))?
6
Suppose 0 = -6*k + 123 + 27. Suppose -2*o + 5*r = 8 + 3, 0 = 5*r - k. What is the units digit of o?
7
Let d(u) = -3*u**3 + u**2 + u. Let r be d(-1). Let l = r + 2. Suppose 4*p = -q + 31, 2*p = l*p - 5*q - 6. What is the units digit of p?
7
What is the units digit of (-940)/(-10) + (-8)/2?
0
What is the tens digit of ((-24)/15)/((-3)/60)?
3
Let p(h) = -h - 17. Let x be p(-19). Suppose 58 = 2*o + x. What is the units digit of o?
8
Suppose 0 = 2*k + 4*g, -2*g = -2*k - g. Suppose 0 = 3*f - 4*f + 3*q + 25, k = -4*f + 2*q + 50. What is the units digit of f?
0
Let b(i) = i**3 - i**2 + i + 2. Let a be b(0). Suppose 0 = -2*u + 4, a*d = 3*d - 3*u + 3. Let x(y) = y**3 - 3*y**2 + y - 2. What is the units digit of x(d)?
1
Let i(d) = -36*d + 24. What is the hundreds digit of i(-4)?
1
Suppose -q = -3*n + 24, 3*q - 2*n + 37 = -0*n. Let w be -3 - 11 - (-1 - -1). Let a = q - w. What is the units digit of a?
5
Let h(k) = -44*k + 7. Let t be h(5). What is the units digit of t/(-18) + (-1)/(-6)?
2
Suppose 0*v = 3*v - 5*j - 854, -1096 = -4*v - 4*j. What is the hundreds digit of v?
2
Let b(a) be the second derivative of a**4/12 - 5*a**3/6 + 3*a**2 + a. Let v be b(6). Suppose w - v = -z, 2 = 4*z - 2*z. What is the units digit of w?
1
Let l(u) = -126*u + 9. What is the tens digit of l(-2)?
6
Let k = 10 - -11. What is the tens digit of k?
2
Let i = -7 - -5. Let x be ((-2)/(-5))/(i/(-10)). What is the units digit of -1*x/4*-18?
9
Let c(p) = 2*p**3 - p**2 + 6*p - 7. What is the tens digit of c(3)?
5
Let s = 14 - -40. What is the tens digit of s?
5
Let h = 0 + 0. Suppose h = 4*u + 5*b - 2, 3*u - 4*b = 5 + 12. Suppose 4*j = -u*l + 15, -l + 18 = -j - 2*j. What is the units digit of l?
9
Let f(d) = 7*d**2 + 3*d - 1. Let o be f(2). Suppose 0 = 2*y + y + o. Let x = 15 + y. What is the units digit of x?
4
Suppose 5*c + 5*r - 2*r = 99, 0 = c + 4*r - 30. What is the tens digit of c?
1
Let p be (2/(-3))/(4/(-30)). Suppose -11*s = -10*s. Suppose p*t - 65 = a, 2*t + 4*a = -s + 4. What is the tens digit of t?
1
Let i(w) = 7*w + 2. Let d be ((-1)/3)/((-3)/36). Let b be i(d). Suppose -18 = -4*h + b. What is the tens digit of h?
1
Let i(k) = -k - 5. Let w be i(-7). What is the tens digit of (22 - w)*1 + -3?
1
Suppose -14 = -4*d + 6. Suppose d*z = 2*z + 105. What is the units digit of z?
5
Let o = 2 - -1. Suppose -o*f + f = -4*u - 4, -3*f = -u - 21. What is the units digit of f?
8
Let u(l) = l**3 - 4*l**2 - 3*l + 5. Let v be u(4). Let b = 11 + v. Suppose -n = -b*o + 10 + 5, 0 = 3*o - 2*n - 10. What is the units digit of o?
4
Let w(u) = u + 10. Let d be w(-14). What is the tens digit of (-85)/d + 6/8?
2
Suppose 0 = -5*i - 5*m + 390, 173 - 23 = 2*i + 5*m. What is the units digit of i?
0
Suppose 5*d + v - 362 = 0, 4*v = 3*d + 93 - 301. Let z = d + -50. What is the units digit of z?
2
Suppose 4*l - l - 24 = 0. Suppose p - l = 1. What is the units digit of p?
9
Let o(y) = -y**2 + 8*y - 1. What is the tens digit of o(5)?
1
Let r = -21 + 24. What is the units digit of r?
3
Let q be 5*(0 - 63/(-15)). Suppose b - 4*b = q. Let r = b - -19. What is the tens digit of r?
1
Let f(b) = -3*b - 5. Let c(s) = s**2 + 8*s + 1. Let l be c(-7). What is the tens digit of f(l)?
1
Let q = -5 + 11. Let z be 3 - 1/1 - q. What is the tens digit of 52/5 + z/10?
1
Let k = 58 - -9. What is the units digit of k?
7
Suppose 0 = 2*h + 6, 5*h - 3*h = 3*j - 15. Let w(d) = 8*d + 6 - 6 - 9 + d**2 - j. What is the units digit of w(-10)?
8
Let i(z) be the second derivative of -z**3/3 - 4*z**2 - z. Suppose -4*d + 0*d - 24 = 0. What is the units digit of i(d)?
4
Suppose 0*s = -3*s. Suppose i + 3*i = s. Suppose i = j - 3 - 4. What is the units digit of j?
7
Let y(b) = -5*b - 33. What is the tens digit of y(-10)?
1
Let w(h) = h**2 - 3*h + 10. Let b be w(-11). Suppose 0*z = -4*z + b. What is the tens digit of z?
4
Let l = 24 - 16. Suppose 4*i = -0*i + l. Suppose -1 = i*k - 3. What is the units digit of k?
1
Let u be 1 - (3 + 0 - 5). Suppose -4*g + u*i = -24, 2*g - 2*i + i = 12. What is the units digit of g?
6
Let q(h) be the third derivative of -h**4/6 - 3*h**3/2 - h**2. What is the tens digit of q(-6)?
1
Suppose -3*f + 20 = 8. What is the units digit of ((-10)/f)/(1/(-6))?
5
Suppose 7*y + 36 = 3*y. What is the tens digit of (-182)/y - 18/81?
2
Let t(w) = 13*w - 4. Let q(r) = -7*r + 2. Let m(c) = 11*q(c) + 6*t(c). What is the units digit of m(9)?
7
What is the tens digit of (50/8)/((-7)/(-28))?
2
Let p = -56 + 85. What is the tens digit of p?
2
Let o = 10 - 7. Let m = -2 + o. What is the units digit of m?
1
Let u(d) = -2*d**3 + d**2 + d. Let h be u(2). Let i = h - -14. Suppose 2*n = i*q - 52, 5*n + 31 = 3*q - 2*q. What is the units digit of q?
1
Let b = 37 - 3. What is the tens digit of b?
3
Let x(m) = 2*m**2 + 1. Let v be x(-1). Suppose 0 = 4*b - 0*t + v*t - 17, 13 = b - t. Suppose 0*q = -2*q + b. What is the units digit of q?
4
Let k(y) be the third derivative of 2*y**2 + 1/6*y**3 - 1/24*y**4 + 0 + 0*y. What is the units digit of k(-6)?
7
Let b = 541 + -334. What is the hundreds digit of b?
2
Suppose -5*d = -25, -16 = -3*j - 2*d - 0. Suppose -3*m = j*m. What is the units digit of 12/(-14)*(-7 - m)?
6
Let j(y) = 9*y**2 - 1. Let f be -2*(18/4)/(-3). Suppose -f*t = t + 4. What is the units digit of j(t)?
8
Suppose 4*f + 5*t = 3*f - 4, 10 = 2*f + t. Let i be -1 - (-1 + 0 - f). What is the units digit of i*((-1)/2 + 1)?
3
Let z(c) = c**2 - c. Let f(o) = -o**3 + 2*o**2 + 2*o + 2. Let a be f(3). Let b be z(a). Suppose b*u = -2*j, -5*j - 16 = -j. What is th